{"id":18,"date":"2023-01-11T14:17:57","date_gmt":"2023-01-11T13:17:57","guid":{"rendered":"https:\/\/abonne-atlanticeau.stgs.fr\/wpstgsae\/?page_id=18"},"modified":"2023-04-05T11:38:35","modified_gmt":"2023-04-05T09:38:35","slug":"vos-questions-nos-reponses","status":"publish","type":"page","link":"https:\/\/abonne-atlanticeau.stgs.fr\/wpstgsae\/vos-questions-nos-reponses\/","title":{"rendered":"Vos questions, nos r\u00e9ponses"},"content":{"rendered":"\n\t\t\t<div class=\"wp-block-uagb-post-grid uagb-post-grid  uagb-post__image-position-top uagb-post__image-disabled uagb-block-c5c5fd92     uagb-post__items uagb-post__columns-2 is-grid uagb-post__columns-tablet-2 uagb-post__columns-mobile-1 uagb-post__equal-height\" data-total=\"1\" style=\"\">\n\n\t\t\t\t\t\t\t\t\t\t\t\t<article class=\"uagb-post__inner-wrap\">\t\t\t\t\t\t\t\t<h4 class=\"uagb-post__title uagb-post__text\">\n\t\t\t\t<a href=\"https:\/\/abonne-atlanticeau.stgs.fr\/wpstgsae\/que-contient-ma-facture-deau-potable\/\" target=\"_self\" rel=\"bookmark noopener noreferrer\">Que contient ma facture d&rsquo;eau potable ?<\/a>\n\t\t\t<\/h4>\n\t\t\t\t\t\t<div class='uagb-post__text uagb-post-grid-byline'>\n\t\t\t\t\t\t\t<\/div>\n\t\t\t\t\t\t\t<div class='uagb-post__text uagb-post__excerpt'>\n\t\t\t\t\t<p>Votre facture comprend deux rubriques distinctes d\u00e9nomm\u00e9es \u00ab\u00a0Distribution de l\u2019eau potable\u00a0\u00bb et \u00ab\u00a0Organismes publics\u00a0\u00bb. La&#8230;\t\t\t\t<\/div>\n\t\t\t\t\t\t<div class=\"uagb-post__text uagb-post__cta wp-block-button\">\n\t\t\t\t<a class=\"wp-block-button__link uagb-text-link\" style=\"\" href=\"https:\/\/abonne-atlanticeau.stgs.fr\/wpstgsae\/que-contient-ma-facture-deau-potable\/\" target=\"_self\" rel=\"bookmark noopener noreferrer\">Lire la suite<\/a>\n\t\t\t<\/div>\n\t\t\t\n\t\t\t\t\t\t\t\t\t<\/article>\n\t\t\t\t\t\t\t\t\t\t\t\t\t\t\t\t<article class=\"uagb-post__inner-wrap\">\t\t\t\t\t\t\t\t<h4 class=\"uagb-post__title uagb-post__text\">\n\t\t\t\t<a href=\"https:\/\/abonne-atlanticeau.stgs.fr\/wpstgsae\/que-paie-ton-exactement\/\" target=\"_self\" rel=\"bookmark noopener noreferrer\">Que paie-ton exactement ?<\/a>\n\t\t\t<\/h4>\n\t\t\t\t\t\t<div class='uagb-post__text uagb-post-grid-byline'>\n\t\t\t\t\t\t\t<\/div>\n\t\t\t\t\t\t\t<div class='uagb-post__text uagb-post__excerpt'>\n\t\t\t\t\t<p>Le montant de la facture est r\u00e9parti entre les diff\u00e9rents acteurs&nbsp;: La collectivit\u00e9, propri\u00e9taire des&#8230;\t\t\t\t<\/div>\n\t\t\t\t\t\t<div class=\"uagb-post__text uagb-post__cta wp-block-button\">\n\t\t\t\t<a class=\"wp-block-button__link uagb-text-link\" style=\"\" href=\"https:\/\/abonne-atlanticeau.stgs.fr\/wpstgsae\/que-paie-ton-exactement\/\" target=\"_self\" rel=\"bookmark noopener noreferrer\">Lire la suite<\/a>\n\t\t\t<\/div>\n\t\t\t\n\t\t\t\t\t\t\t\t\t<\/article>\n\t\t\t\t\t\t\t\t\t\t\t\t\t\t\t\t<article class=\"uagb-post__inner-wrap\">\t\t\t\t\t\t\t\t<h4 class=\"uagb-post__title uagb-post__text\">\n\t\t\t\t<a href=\"https:\/\/abonne-atlanticeau.stgs.fr\/wpstgsae\/comment-macquitter-de-ma-facture\/\" target=\"_self\" rel=\"bookmark noopener noreferrer\">Comment m&rsquo;acquitter de ma facture ?<\/a>\n\t\t\t<\/h4>\n\t\t\t\t\t\t<div class='uagb-post__text uagb-post-grid-byline'>\n\t\t\t\t\t\t\t<\/div>\n\t\t\t\t\t\t\t<div class='uagb-post__text uagb-post__excerpt'>\n\t\t\t\t\t<p>Optez pour le moyen de paiement qui vous convient le mieux : Le pr\u00e9l\u00e8vement mensuel&#8230;\t\t\t\t<\/div>\n\t\t\t\t\t\t<div class=\"uagb-post__text uagb-post__cta wp-block-button\">\n\t\t\t\t<a class=\"wp-block-button__link uagb-text-link\" style=\"\" href=\"https:\/\/abonne-atlanticeau.stgs.fr\/wpstgsae\/comment-macquitter-de-ma-facture\/\" target=\"_self\" rel=\"bookmark noopener noreferrer\">Lire la suite<\/a>\n\t\t\t<\/div>\n\t\t\t\n\t\t\t\t\t\t\t\t\t<\/article>\n\t\t\t\t\t\t\t\t\t\t\t\t\t\t\t\t<article class=\"uagb-post__inner-wrap\">\t\t\t\t\t\t\t\t<h4 class=\"uagb-post__title uagb-post__text\">\n\t\t\t\t<a href=\"https:\/\/abonne-atlanticeau.stgs.fr\/wpstgsae\/comment-lire-mon-compteur\/\" target=\"_self\" rel=\"bookmark noopener noreferrer\">Comment lire mon compteur ?<\/a>\n\t\t\t<\/h4>\n\t\t\t\t\t\t<div class='uagb-post__text uagb-post-grid-byline'>\n\t\t\t\t\t\t\t<\/div>\n\t\t\t\t\t\t\t<div class='uagb-post__text uagb-post__excerpt'>\n\t\t\t\t\t<p>Les chiffres en blanc sur fond noir correspondent \u00e0 l\u2019index en m\u00e8tre cube. Ils servent&#8230;\t\t\t\t<\/div>\n\t\t\t\t\t\t<div class=\"uagb-post__text uagb-post__cta wp-block-button\">\n\t\t\t\t<a class=\"wp-block-button__link uagb-text-link\" style=\"\" href=\"https:\/\/abonne-atlanticeau.stgs.fr\/wpstgsae\/comment-lire-mon-compteur\/\" target=\"_self\" rel=\"bookmark noopener noreferrer\">Lire la suite<\/a>\n\t\t\t<\/div>\n\t\t\t\n\t\t\t\t\t\t\t\t\t<\/article>\n\t\t\t\t\t\t\t\t\t\t\t\t\t\t\t\t<article class=\"uagb-post__inner-wrap\">\t\t\t\t\t\t\t\t<h4 class=\"uagb-post__title uagb-post__text\">\n\t\t\t\t<a href=\"https:\/\/abonne-atlanticeau.stgs.fr\/wpstgsae\/jemmenage-que-faire\/\" target=\"_self\" rel=\"bookmark noopener noreferrer\">J&#8217;emm\u00e9nage, que faire ?<\/a>\n\t\t\t<\/h4>\n\t\t\t\t\t\t<div class='uagb-post__text uagb-post-grid-byline'>\n\t\t\t\t\t\t\t<\/div>\n\t\t\t\t\t\t\t<div class='uagb-post__text uagb-post__excerpt'>\n\t\t\t\t\t<p>D\u00e8s la remise des cl\u00e9s, pensez \u00e0 effectuer votre demande d\u2019abonnement et \u00e0 relever le&#8230;\t\t\t\t<\/div>\n\t\t\t\t\t\t<div class=\"uagb-post__text uagb-post__cta wp-block-button\">\n\t\t\t\t<a class=\"wp-block-button__link uagb-text-link\" style=\"\" href=\"https:\/\/abonne-atlanticeau.stgs.fr\/wpstgsae\/jemmenage-que-faire\/\" target=\"_self\" rel=\"bookmark noopener noreferrer\">Lire la suite<\/a>\n\t\t\t<\/div>\n\t\t\t\n\t\t\t\t\t\t\t\t\t<\/article>\n\t\t\t\t\t\t\t\t\t\t\t\t\t\t\t\t<article class=\"uagb-post__inner-wrap\">\t\t\t\t\t\t\t\t<h4 class=\"uagb-post__title uagb-post__text\">\n\t\t\t\t<a href=\"https:\/\/abonne-atlanticeau.stgs.fr\/wpstgsae\/je-demenage-que-faire\/\" target=\"_self\" rel=\"bookmark noopener noreferrer\">Je d\u00e9m\u00e9nage, que faire ?<\/a>\n\t\t\t<\/h4>\n\t\t\t\t\t\t<div class='uagb-post__text uagb-post-grid-byline'>\n\t\t\t\t\t\t\t<\/div>\n\t\t\t\t\t\t\t<div class='uagb-post__text uagb-post__excerpt'>\n\t\t\t\t\t<p>Lors du d\u00e9part d\u00e9finitif de votre logement, pensez \u00e0 relever le compteur d&rsquo;eau et \u00e0&#8230;\t\t\t\t<\/div>\n\t\t\t\t\t\t<div class=\"uagb-post__text uagb-post__cta wp-block-button\">\n\t\t\t\t<a class=\"wp-block-button__link uagb-text-link\" style=\"\" href=\"https:\/\/abonne-atlanticeau.stgs.fr\/wpstgsae\/je-demenage-que-faire\/\" target=\"_self\" rel=\"bookmark noopener noreferrer\">Lire la suite<\/a>\n\t\t\t<\/div>\n\t\t\t\n\t\t\t\t\t\t\t\t\t<\/article>\n\t\t\t\t\t\t\t\t\t\t\t\t\t\t\t\t<article class=\"uagb-post__inner-wrap\">\t\t\t\t\t\t\t\t<h4 class=\"uagb-post__title uagb-post__text\">\n\t\t\t\t<a href=\"https:\/\/abonne-atlanticeau.stgs.fr\/wpstgsae\/comment-est-fixe-le-prix-de-leau\/\" target=\"_self\" rel=\"bookmark noopener noreferrer\">Comment est fix\u00e9 le prix de l&rsquo;eau ?<\/a>\n\t\t\t<\/h4>\n\t\t\t\t\t\t<div class='uagb-post__text uagb-post-grid-byline'>\n\t\t\t\t\t\t\t<\/div>\n\t\t\t\t\t\t\t<div class='uagb-post__text uagb-post__excerpt'>\n\t\t\t\t\t<p>La part de la collectivit\u00e9 est vot\u00e9e par le comit\u00e9 syndical d&rsquo;Atlantic&rsquo;eau, compos\u00e9 d&rsquo;\u00e9lus du&#8230;\t\t\t\t<\/div>\n\t\t\t\t\t\t<div class=\"uagb-post__text uagb-post__cta wp-block-button\">\n\t\t\t\t<a class=\"wp-block-button__link uagb-text-link\" style=\"\" href=\"https:\/\/abonne-atlanticeau.stgs.fr\/wpstgsae\/comment-est-fixe-le-prix-de-leau\/\" target=\"_self\" rel=\"bookmark noopener noreferrer\">Lire la suite<\/a>\n\t\t\t<\/div>\n\t\t\t\n\t\t\t\t\t\t\t\t\t<\/article>\n\t\t\t\t\t\t\t\t\t\t\t\t\t\t\t\t<article class=\"uagb-post__inner-wrap\">\t\t\t\t\t\t\t\t<h4 class=\"uagb-post__title uagb-post__text\">\n\t\t\t\t<a href=\"https:\/\/abonne-atlanticeau.stgs.fr\/wpstgsae\/quelle-difference-entre-service-deau-potable-et-service-dassainissement-collectif\/\" target=\"_self\" rel=\"bookmark noopener noreferrer\">Quelle diff\u00e9rence entre service d&rsquo;eau potable et service d&rsquo;assainissement collectif ?<\/a>\n\t\t\t<\/h4>\n\t\t\t\t\t\t<div class='uagb-post__text uagb-post-grid-byline'>\n\t\t\t\t\t\t\t<\/div>\n\t\t\t\t\t\t\t<div class='uagb-post__text uagb-post__excerpt'>\n\t\t\t\t\t<p>Les services d\u2019eau potable et d\u2019assainissement collectif sont deux services publics distincts. Ils rel\u00e8vent de&#8230;\t\t\t\t<\/div>\n\t\t\t\t\t\t<div class=\"uagb-post__text uagb-post__cta wp-block-button\">\n\t\t\t\t<a class=\"wp-block-button__link uagb-text-link\" style=\"\" href=\"https:\/\/abonne-atlanticeau.stgs.fr\/wpstgsae\/quelle-difference-entre-service-deau-potable-et-service-dassainissement-collectif\/\" target=\"_self\" rel=\"bookmark noopener noreferrer\">Lire la suite<\/a>\n\t\t\t<\/div>\n\t\t\t\n\t\t\t\t\t\t\t\t\t<\/article>\n\t\t\t\t\t\t\t\t\t\t\t\t\t\t\t\t<article class=\"uagb-post__inner-wrap\">\t\t\t\t\t\t\t\t<h4 class=\"uagb-post__title uagb-post__text\">\n\t\t\t\t<a href=\"https:\/\/abonne-atlanticeau.stgs.fr\/wpstgsae\/comment-contacter-le-service-deau-potable-de-ma-commune\/\" target=\"_self\" rel=\"bookmark noopener noreferrer\">Comment contacter le service d&rsquo;eau potable de ma commune ?<\/a>\n\t\t\t<\/h4>\n\t\t\t\t\t\t<div class='uagb-post__text uagb-post-grid-byline'>\n\t\t\t\t\t\t\t<\/div>\n\t\t\t\t\t\t\t<div class='uagb-post__text uagb-post__excerpt'>\n\t\t\t\t\t<p>Pour toute question personnalis\u00e9e sur votre service de l\u2019eau potable (facturation, rendez-vous&#8230;), vous pouvez contacter&#8230;\t\t\t\t<\/div>\n\t\t\t\t\t\t<div class=\"uagb-post__text uagb-post__cta wp-block-button\">\n\t\t\t\t<a class=\"wp-block-button__link uagb-text-link\" style=\"\" href=\"https:\/\/abonne-atlanticeau.stgs.fr\/wpstgsae\/comment-contacter-le-service-deau-potable-de-ma-commune\/\" target=\"_self\" rel=\"bookmark noopener noreferrer\">Lire la suite<\/a>\n\t\t\t<\/div>\n\t\t\t\n\t\t\t\t\t\t\t\t\t<\/article>\n\t\t\t\t\t\t\t\t\t\t\t\t\t\t\t\t<article class=\"uagb-post__inner-wrap\">\t\t\t\t\t\t\t\t<h4 class=\"uagb-post__title uagb-post__text\">\n\t\t\t\t<a href=\"https:\/\/abonne-atlanticeau.stgs.fr\/wpstgsae\/comment-contacter-le-service-dassainissement-collectif-de-ma-commune\/\" target=\"_self\" rel=\"bookmark noopener noreferrer\">Comment contacter le service d&rsquo;assainissement collectif de ma commune ?<\/a>\n\t\t\t<\/h4>\n\t\t\t\t\t\t<div class='uagb-post__text uagb-post-grid-byline'>\n\t\t\t\t\t\t\t<\/div>\n\t\t\t\t\t\t\t<div class='uagb-post__text uagb-post__excerpt'>\n\t\t\t\t\t<p>Si vous habitez : Divatte-sur-Loire (Barbechat), Divatte-sur-Loire (La Chapelle Basse Mer), La Boissi\u00e8re-du-Dor\u00e9, La Chapelle-Heulin,&#8230;\t\t\t\t<\/div>\n\t\t\t\t\t\t<div class=\"uagb-post__text uagb-post__cta wp-block-button\">\n\t\t\t\t<a class=\"wp-block-button__link uagb-text-link\" style=\"\" href=\"https:\/\/abonne-atlanticeau.stgs.fr\/wpstgsae\/comment-contacter-le-service-dassainissement-collectif-de-ma-commune\/\" target=\"_self\" rel=\"bookmark noopener noreferrer\">Lire la suite<\/a>\n\t\t\t<\/div>\n\t\t\t\n\t\t\t\t\t\t\t\t\t<\/article>\n\t\t\t\t\t\t\t\t\t\t\t\t\t\t\t\t<article class=\"uagb-post__inner-wrap\">\t\t\t\t\t\t\t\t<h4 class=\"uagb-post__title uagb-post__text\">\n\t\t\t\t<a href=\"https:\/\/abonne-atlanticeau.stgs.fr\/wpstgsae\/ou-dois-je-payer-ma-facture-deau\/\" target=\"_self\" rel=\"bookmark noopener noreferrer\">O\u00f9 dois-je payer ma facture d&rsquo;eau ?<\/a>\n\t\t\t<\/h4>\n\t\t\t\t\t\t<div class='uagb-post__text uagb-post-grid-byline'>\n\t\t\t\t\t\t\t<\/div>\n\t\t\t\t\t\t\t<div class='uagb-post__text uagb-post__excerpt'>\n\t\t\t\t\t<p>Votre facture d\u2019eau doit-\u00eatre pay\u00e9e aupr\u00e8s du distributeur d\u2019eau : soit par pr\u00e9l\u00e8vement mensuel ou&#8230;\t\t\t\t<\/div>\n\t\t\t\t\t\t<div class=\"uagb-post__text uagb-post__cta wp-block-button\">\n\t\t\t\t<a class=\"wp-block-button__link uagb-text-link\" style=\"\" href=\"https:\/\/abonne-atlanticeau.stgs.fr\/wpstgsae\/ou-dois-je-payer-ma-facture-deau\/\" target=\"_self\" rel=\"bookmark noopener noreferrer\">Lire la suite<\/a>\n\t\t\t<\/div>\n\t\t\t\n\t\t\t\t\t\t\t\t\t<\/article>\n\t\t\t\t\t\t\t\t\t\t\t\t\t\t\t\t<article class=\"uagb-post__inner-wrap\">\t\t\t\t\t\t\t\t<h4 class=\"uagb-post__title uagb-post__text\">\n\t\t\t\t<a href=\"https:\/\/abonne-atlanticeau.stgs.fr\/wpstgsae\/quand-vais-je-recevoir-ma-facture-deau\/\" target=\"_self\" rel=\"bookmark noopener noreferrer\">Quand vais-je recevoir ma facture d&rsquo;eau ?<\/a>\n\t\t\t<\/h4>\n\t\t\t\t\t\t<div class='uagb-post__text uagb-post-grid-byline'>\n\t\t\t\t\t\t\t<\/div>\n\t\t\t\t\t\t\t<div class='uagb-post__text uagb-post__excerpt'>\n\t\t\t\t\t<p>Vos factures d\u2019eau sont \u00e9mises semestriellement. Vous recevez deux factures par an. L&rsquo;une estimative et&#8230;\t\t\t\t<\/div>\n\t\t\t\t\t\t<div class=\"uagb-post__text uagb-post__cta wp-block-button\">\n\t\t\t\t<a class=\"wp-block-button__link uagb-text-link\" style=\"\" href=\"https:\/\/abonne-atlanticeau.stgs.fr\/wpstgsae\/quand-vais-je-recevoir-ma-facture-deau\/\" target=\"_self\" rel=\"bookmark noopener noreferrer\">Lire la suite<\/a>\n\t\t\t<\/div>\n\t\t\t\n\t\t\t\t\t\t\t\t\t<\/article>\n\t\t\t\t\t\t\t\t\t\t\t\t\t\t\t\t<article class=\"uagb-post__inner-wrap\">\t\t\t\t\t\t\t\t<h4 class=\"uagb-post__title uagb-post__text\">\n\t\t\t\t<a href=\"https:\/\/abonne-atlanticeau.stgs.fr\/wpstgsae\/mon-compteur-nest-pas-accessible-que-dois-je-faire\/\" target=\"_self\" rel=\"bookmark noopener noreferrer\">Mon compteur n&rsquo;est pas accessible, que dois-je faire ?<\/a>\n\t\t\t<\/h4>\n\t\t\t\t\t\t<div class='uagb-post__text uagb-post-grid-byline'>\n\t\t\t\t\t\t\t<\/div>\n\t\t\t\t\t\t\t<div class='uagb-post__text uagb-post__excerpt'>\n\t\t\t\t\t<p>Afin d\u2019\u00e9tablir le relev\u00e9 de votre consommation (au minimum une fois par an) et la&#8230;\t\t\t\t<\/div>\n\t\t\t\t\t\t<div class=\"uagb-post__text uagb-post__cta wp-block-button\">\n\t\t\t\t<a class=\"wp-block-button__link uagb-text-link\" style=\"\" href=\"https:\/\/abonne-atlanticeau.stgs.fr\/wpstgsae\/mon-compteur-nest-pas-accessible-que-dois-je-faire\/\" target=\"_self\" rel=\"bookmark noopener noreferrer\">Lire la suite<\/a>\n\t\t\t<\/div>\n\t\t\t\n\t\t\t\t\t\t\t\t\t<\/article>\n\t\t\t\t\t\t\t\t\t\t\t\t\t\t\t\t<article class=\"uagb-post__inner-wrap\">\t\t\t\t\t\t\t\t<h4 class=\"uagb-post__title uagb-post__text\">\n\t\t\t\t<a href=\"https:\/\/abonne-atlanticeau.stgs.fr\/wpstgsae\/que-faire-en-cas-de-fuite-deau\/\" target=\"_self\" rel=\"bookmark noopener noreferrer\">Que faire en cas de fuite d&rsquo;eau ?<\/a>\n\t\t\t<\/h4>\n\t\t\t\t\t\t<div class='uagb-post__text uagb-post-grid-byline'>\n\t\t\t\t\t\t\t<\/div>\n\t\t\t\t\t\t\t<div class='uagb-post__text uagb-post__excerpt'>\n\t\t\t\t\t<p>Si vous observez que votre consommation a augment\u00e9 sans explication, relevez le soir les chiffres&#8230;\t\t\t\t<\/div>\n\t\t\t\t\t\t<div class=\"uagb-post__text uagb-post__cta wp-block-button\">\n\t\t\t\t<a class=\"wp-block-button__link uagb-text-link\" style=\"\" href=\"https:\/\/abonne-atlanticeau.stgs.fr\/wpstgsae\/que-faire-en-cas-de-fuite-deau\/\" target=\"_self\" rel=\"bookmark noopener noreferrer\">Lire la suite<\/a>\n\t\t\t<\/div>\n\t\t\t\n\t\t\t\t\t\t\t\t\t<\/article>\n\t\t\t\t\t\t\t\t\t\t\t\t\t\t\t\t<article class=\"uagb-post__inner-wrap\">\t\t\t\t\t\t\t\t<h4 class=\"uagb-post__title uagb-post__text\">\n\t\t\t\t<a href=\"https:\/\/abonne-atlanticeau.stgs.fr\/wpstgsae\/ou-sont-fixees-les-regles-du-service-deau\/\" target=\"_self\" rel=\"bookmark noopener noreferrer\">O\u00f9 sont fix\u00e9es les r\u00e8gles du service d&rsquo;eau ?<\/a>\n\t\t\t<\/h4>\n\t\t\t\t\t\t<div class='uagb-post__text uagb-post-grid-byline'>\n\t\t\t\t\t\t\t<\/div>\n\t\t\t\t\t\t\t<div class='uagb-post__text uagb-post__excerpt'>\n\t\t\t\t\t<p>Le r\u00e8glement du service d\u00e9finit en d\u00e9tail les conditions contractuelles et r\u00e9glementaires.<\/p>\n\t\t\t\t<\/div>\n\t\t\t\t\t\t<div class=\"uagb-post__text uagb-post__cta wp-block-button\">\n\t\t\t\t<a class=\"wp-block-button__link uagb-text-link\" style=\"\" href=\"https:\/\/abonne-atlanticeau.stgs.fr\/wpstgsae\/ou-sont-fixees-les-regles-du-service-deau\/\" target=\"_self\" rel=\"bookmark noopener noreferrer\">Lire la suite<\/a>\n\t\t\t<\/div>\n\t\t\t\n\t\t\t\t\t\t\t\t\t<\/article>\n\t\t\t\t\t\t\t\t\t\t\t\t\t\t\t\t<article class=\"uagb-post__inner-wrap\">\t\t\t\t\t\t\t\t<h4 class=\"uagb-post__title uagb-post__text\">\n\t\t\t\t<a href=\"https:\/\/abonne-atlanticeau.stgs.fr\/wpstgsae\/comment-proteger-mon-compteur-contre-le-gel\/\" target=\"_self\" rel=\"bookmark noopener noreferrer\">Comment prot\u00e9ger mon compteur contre le gel ?<\/a>\n\t\t\t<\/h4>\n\t\t\t\t\t\t<div class='uagb-post__text uagb-post-grid-byline'>\n\t\t\t\t\t\t\t<\/div>\n\t\t\t\t\t\t\t<div class='uagb-post__text uagb-post__excerpt'>\n\t\t\t\t\t<p>\u00c9vitez la fuite, le co\u00fbt des r\u00e9parations et du changement de compteur \u00e0 votre charge&#8230;.\t\t\t\t<\/div>\n\t\t\t\t\t\t<div class=\"uagb-post__text uagb-post__cta wp-block-button\">\n\t\t\t\t<a class=\"wp-block-button__link uagb-text-link\" style=\"\" href=\"https:\/\/abonne-atlanticeau.stgs.fr\/wpstgsae\/comment-proteger-mon-compteur-contre-le-gel\/\" target=\"_self\" rel=\"bookmark noopener noreferrer\">Lire la suite<\/a>\n\t\t\t<\/div>\n\t\t\t\n\t\t\t\t\t\t\t\t\t<\/article>\n\t\t\t\t\t\t\t\t\t\t\t\t\t\t\t\t<article class=\"uagb-post__inner-wrap\">\t\t\t\t\t\t\t\t<h4 class=\"uagb-post__title uagb-post__text\">\n\t\t\t\t<a href=\"https:\/\/abonne-atlanticeau.stgs.fr\/wpstgsae\/comment-optimiser-mes-consommations\/\" target=\"_self\" rel=\"bookmark noopener noreferrer\">Comment optimiser mes consommations ?<\/a>\n\t\t\t<\/h4>\n\t\t\t\t\t\t<div class='uagb-post__text uagb-post-grid-byline'>\n\t\t\t\t\t\t\t<\/div>\n\t\t\t\t\t\t\t<div class='uagb-post__text uagb-post__excerpt'>\n\t\t\t\t\t<p>Le montant de votre facture d\u00e9pend en partie de votre consommation. En France, la consommation&#8230;\t\t\t\t<\/div>\n\t\t\t\t\t\t<div class=\"uagb-post__text uagb-post__cta wp-block-button\">\n\t\t\t\t<a class=\"wp-block-button__link uagb-text-link\" style=\"\" href=\"https:\/\/abonne-atlanticeau.stgs.fr\/wpstgsae\/comment-optimiser-mes-consommations\/\" target=\"_self\" rel=\"bookmark noopener noreferrer\">Lire la suite<\/a>\n\t\t\t<\/div>\n\t\t\t\n\t\t\t\t\t\t\t\t\t<\/article>\n\t\t\t\t\t\t\t\t\t\t\t\t\t\t\t\t<article class=\"uagb-post__inner-wrap\">\t\t\t\t\t\t\t\t<h4 class=\"uagb-post__title uagb-post__text\">\n\t\t\t\t<a href=\"https:\/\/abonne-atlanticeau.stgs.fr\/wpstgsae\/aupres-de-qui-dois-je-porter-reclamation\/\" target=\"_self\" rel=\"bookmark noopener noreferrer\">Aupr\u00e8s de qui dois-je porter r\u00e9clamation ?<\/a>\n\t\t\t<\/h4>\n\t\t\t\t\t\t<div class='uagb-post__text uagb-post-grid-byline'>\n\t\t\t\t\t\t\t<\/div>\n\t\t\t\t\t\t\t<div class='uagb-post__text uagb-post__excerpt'>\n\t\t\t\t\t<p>Pour toute r\u00e9clamation, vous pouvez contacter : Votre service client : par t\u00e9l\u00e9phone NON SURTAX\u00c9&#8230;\t\t\t\t<\/div>\n\t\t\t\t\t\t<div class=\"uagb-post__text uagb-post__cta wp-block-button\">\n\t\t\t\t<a class=\"wp-block-button__link uagb-text-link\" style=\"\" href=\"https:\/\/abonne-atlanticeau.stgs.fr\/wpstgsae\/aupres-de-qui-dois-je-porter-reclamation\/\" target=\"_self\" rel=\"bookmark noopener noreferrer\">Lire la suite<\/a>\n\t\t\t<\/div>\n\t\t\t\n\t\t\t\t\t\t\t\t\t<\/article>\n\t\t\t\t\t\t\t\t\t\t\t\t\t\t\t\t<article class=\"uagb-post__inner-wrap\">\t\t\t\t\t\t\t\t<h4 class=\"uagb-post__title uagb-post__text\">\n\t\t\t\t<a href=\"https:\/\/abonne-atlanticeau.stgs.fr\/wpstgsae\/la-mediation-de-leau-dans-quel-cas\/\" target=\"_self\" rel=\"bookmark noopener noreferrer\">La M\u00e9diation de l&rsquo;eau, dans quel cas ?<\/a>\n\t\t\t<\/h4>\n\t\t\t\t\t\t<div class='uagb-post__text uagb-post-grid-byline'>\n\t\t\t\t\t\t\t<\/div>\n\t\t\t\t\t\t\t<div class='uagb-post__text uagb-post__excerpt'>\n\t\t\t\t\t<p>Toute r\u00e9clamation doit \u00eatre adress\u00e9e au distributeur, par voie postale, e-mail ou par t\u00e9l\u00e9phone. Les&#8230;\t\t\t\t<\/div>\n\t\t\t\t\t\t<div class=\"uagb-post__text uagb-post__cta wp-block-button\">\n\t\t\t\t<a class=\"wp-block-button__link uagb-text-link\" style=\"\" href=\"https:\/\/abonne-atlanticeau.stgs.fr\/wpstgsae\/la-mediation-de-leau-dans-quel-cas\/\" target=\"_self\" rel=\"bookmark noopener noreferrer\">Lire la suite<\/a>\n\t\t\t<\/div>\n\t\t\t\n\t\t\t\t\t\t\t\t\t<\/article>\n\t\t\t\t\t\t\t\t\t\t\t\t\t\t\t\t<article class=\"uagb-post__inner-wrap\">\t\t\t\t\t\t\t\t<h4 class=\"uagb-post__title uagb-post__text\">\n\t\t\t\t<a href=\"https:\/\/abonne-atlanticeau.stgs.fr\/wpstgsae\/comment-sont-utilisees-mes-donnees-personnelles\/\" target=\"_self\" rel=\"bookmark noopener noreferrer\">Comment sont utilis\u00e9es mes donn\u00e9es personnelles ?<\/a>\n\t\t\t<\/h4>\n\t\t\t\t\t\t<div class='uagb-post__text uagb-post-grid-byline'>\n\t\t\t\t\t\t\t<\/div>\n\t\t\t\t\t\t\t<div class='uagb-post__text uagb-post__excerpt'>\n\t\t\t\t\t<p>STGS collecte vos donn\u00e9es \u00e0 caract\u00e8re personnel \u00e0 des fins de gestion de votre demande&#8230;\t\t\t\t<\/div>\n\t\t\t\t\t\t<div class=\"uagb-post__text uagb-post__cta wp-block-button\">\n\t\t\t\t<a class=\"wp-block-button__link uagb-text-link\" style=\"\" href=\"https:\/\/abonne-atlanticeau.stgs.fr\/wpstgsae\/comment-sont-utilisees-mes-donnees-personnelles\/\" target=\"_self\" rel=\"bookmark noopener noreferrer\">Lire la suite<\/a>\n\t\t\t<\/div>\n\t\t\t\n\t\t\t\t\t\t\t\t\t<\/article>\n\t\t\t\t\t\t\t\t\t\t\t<\/div>\n\t\t\t\n\n\n<div style=\"height:20px\" aria-hidden=\"true\" class=\"wp-block-spacer\"><\/div>\n\n\n\n<p class=\"has-text-align-center\"><strong>Pour toute autre question, n&rsquo;h\u00e9sitez pas \u00e0 <a href=\"https:\/\/abonne-atlanticeau.stgs.fr\/wpstgsae\/contact\/\" data-type=\"page\" data-id=\"17\">prendre contact <\/a>avec votre conseiller client\u00e8le.<\/strong><\/p>\n","protected":false},"excerpt":{"rendered":"<p>Pour toute autre question, n&rsquo;h\u00e9sitez pas \u00e0 prendre contact avec votre conseiller client\u00e8le.<\/p>\n","protected":false},"author":1,"featured_media":0,"parent":0,"menu_order":0,"comment_status":"closed","ping_status":"closed","template":"","meta":{"_uag_custom_page_level_css":".wp-block-uagb-post-grid > article{\n\tbox-shadow: 0px 0px 5px 1px rgba(0,0,0,.2) !important;\n}","footnotes":""},"class_list":["post-18","page","type-page","status-publish","hentry"],"uagb_featured_image_src":{"full":false,"thumbnail":false,"medium":false,"medium_large":false,"large":false,"1536x1536":false,"2048x2048":false,"onepress-blog-small":false,"onepress-small":false,"onepress-medium":false},"uagb_author_info":{"display_name":"wpstgsae","author_link":"https:\/\/abonne-atlanticeau.stgs.fr\/wpstgsae\/author\/wpstgsae\/"},"uagb_comment_info":0,"uagb_excerpt":"Pour toute autre question, n&rsquo;h\u00e9sitez pas \u00e0 prendre contact avec votre conseiller client\u00e8le.","publishpress_future_action":{"enabled":false,"date":"2026-04-20 12:23:28","action":"change-status","newStatus":"draft","terms":[],"taxonomy":"","extraData":[]},"publishpress_future_workflow_manual_trigger":{"enabledWorkflows":[]},"_links":{"self":[{"href":"https:\/\/abonne-atlanticeau.stgs.fr\/wpstgsae\/wp-json\/wp\/v2\/pages\/18","targetHints":{"allow":["GET"]}}],"collection":[{"href":"https:\/\/abonne-atlanticeau.stgs.fr\/wpstgsae\/wp-json\/wp\/v2\/pages"}],"about":[{"href":"https:\/\/abonne-atlanticeau.stgs.fr\/wpstgsae\/wp-json\/wp\/v2\/types\/page"}],"author":[{"embeddable":true,"href":"https:\/\/abonne-atlanticeau.stgs.fr\/wpstgsae\/wp-json\/wp\/v2\/users\/1"}],"replies":[{"embeddable":true,"href":"https:\/\/abonne-atlanticeau.stgs.fr\/wpstgsae\/wp-json\/wp\/v2\/comments?post=18"}],"version-history":[{"count":0,"href":"https:\/\/abonne-atlanticeau.stgs.fr\/wpstgsae\/wp-json\/wp\/v2\/pages\/18\/revisions"}],"wp:attachment":[{"href":"https:\/\/abonne-atlanticeau.stgs.fr\/wpstgsae\/wp-json\/wp\/v2\/media?parent=18"}],"curies":[{"name":"wp","href":"https:\/\/api.w.org\/{rel}","templated":true}]}}